{"id":96,"date":"2020-03-01T19:00:02","date_gmt":"2020-03-01T18:00:02","guid":{"rendered":"http:\/\/sp43.zabrze.pl\/?page_id=96"},"modified":"2020-03-13T11:50:33","modified_gmt":"2020-03-13T10:50:33","slug":"o-dyrektorze","status":"publish","type":"page","link":"https:\/\/sp43.zabrze.pl\/?page_id=96","title":{"rendered":"Dyrekcja"},"content":{"rendered":"<h2 style=\"text-align: center;\"><em><strong>Dyrekcja szko\u0142y<\/strong><\/em><\/h2>\n<hr \/>\n<h2 style=\"text-align: center;\"><em>Dyrektor<\/em><\/h2>\n<p style=\"text-align: center;\">mgr Marek Zi\u0119tal<\/p>\n<p>&nbsp;<\/p>\n<h3 style=\"text-align: center;\"><em>Vice Dyrektor<\/em><\/h3>\n<p style=\"text-align: center;\">mgr Joanna Garbacik<\/p>\n<hr \/>\n<p style=\"text-align: center;\"><span style=\"color: #00ccff;\">Przyjmowanie skarg i wniosk\u00f3w<\/span><\/p>\n<p style=\"text-align: center;\"><span style=\"color: #00ccff;\"><strong>Wtorek, godz. 10.00 &#8211; 14.00<\/strong><\/span><\/p>\n","protected":false},"excerpt":{"rendered":"<p>Dyrekcja szko\u0142y Dyrektor mgr Marek Zi\u0119tal &nbsp; Vice Dyrektor mgr Joanna Garbacik Przyjmowanie skarg i wniosk\u00f3w Wtorek, godz. 10.00 &#8211; [&hellip;]<\/p>\n","protected":false},"author":3,"featured_media":0,"parent":0,"menu_order":0,"comment_status":"closed","ping_status":"closed","template":"","meta":{"footnotes":""},"class_list":["post-96","page","type-page","status-publish","hentry"],"aioseo_notices":[],"_links":{"self":[{"href":"https:\/\/sp43.zabrze.pl\/index.php?rest_route=\/wp\/v2\/pages\/96","targetHints":{"allow":["GET"]}}],"collection":[{"href":"https:\/\/sp43.zabrze.pl\/index.php?rest_route=\/wp\/v2\/pages"}],"about":[{"href":"https:\/\/sp43.zabrze.pl\/index.php?rest_route=\/wp\/v2\/types\/page"}],"author":[{"embeddable":true,"href":"https:\/\/sp43.zabrze.pl\/index.php?rest_route=\/wp\/v2\/users\/3"}],"replies":[{"embeddable":true,"href":"https:\/\/sp43.zabrze.pl\/index.php?rest_route=%2Fwp%2Fv2%2Fcomments&post=96"}],"version-history":[{"count":6,"href":"https:\/\/sp43.zabrze.pl\/index.php?rest_route=\/wp\/v2\/pages\/96\/revisions"}],"predecessor-version":[{"id":449,"href":"https:\/\/sp43.zabrze.pl\/index.php?rest_route=\/wp\/v2\/pages\/96\/revisions\/449"}],"wp:attachment":[{"href":"https:\/\/sp43.zabrze.pl\/index.php?rest_route=%2Fwp%2Fv2%2Fmedia&parent=96"}],"curies":[{"name":"wp","href":"https:\/\/api.w.org\/{rel}","templated":true}]}}