{"id":119,"date":"2020-03-01T19:14:24","date_gmt":"2020-03-01T18:14:24","guid":{"rendered":"http:\/\/sp43.zabrze.pl\/?page_id=119"},"modified":"2024-04-10T14:39:14","modified_gmt":"2024-04-10T12:39:14","slug":"nauczyciele","status":"publish","type":"page","link":"https:\/\/sp43.zabrze.pl\/?page_id=119","title":{"rendered":"Nauczyciele"},"content":{"rendered":"<h2 style=\"text-align: center;\"><em><strong>Nauczyciele<\/strong><\/em><\/h2>\n<hr \/>\n<ul>\n<li>Zi\u0119tal Marek &#8211; dyrektor<\/li>\n<li>Garbacik Joanna &#8211; wicedyrektor<\/li>\n<li>Adamek-Andrzejewska Oliwia &#8211; j. polski<\/li>\n<li>Baron Joanna &#8211; geografia<\/li>\n<li>Ciszewska-Przybycin Katarzyna &#8211; edukacja wczesnoszkolna<\/li>\n<li>Domaszewicz Karolina &#8211; j. polski<\/li>\n<li>Drozdzowska El\u017cbieta &#8211; chemia, fizyka<\/li>\n<li>Dyrda-Pietroszek Aleksandra &#8211; j. angielski<\/li>\n<li>Ga\u0142\u0105\u017cewska Dominika &#8211; wych. \u015bwietlicy, edb<\/li>\n<li>Glimos Joanna &#8211; historia<\/li>\n<li>Gorawska Judyta &#8211; muzyka, plastyka<\/li>\n<li>G\u00f3rniak Katarzyna &#8211; logopeda<\/li>\n<li>Kamer-Czempik Ewa &#8211; wych. \u015bwietlicy<\/li>\n<li>\u0141ukaszczyk Katarzyna &#8211; j. angielski<\/li>\n<li>Malinowska Julia &#8211; psycholog<\/li>\n<li>Malinowska Katarzyna &#8211; pedagog<\/li>\n<li>Mann Sara &#8211; biblioteka<\/li>\n<li>Mazurek Bo\u017cena &#8211; n-l wspomagaj\u0105cy<\/li>\n<li>Mendecka El\u017cbieta &#8211; j. niemiecki<\/li>\n<li>Michalska Aneta &#8211; religia<\/li>\n<li>Ordysi\u0144ska Miros\u0142awa &#8211; edukacja wczesnoszkolna<\/li>\n<li>Pacholczak Ma\u0142gorzata &#8211; edukacja wczesnoszkolna<\/li>\n<li>Pakura Monika &#8211; logopeda, j. polski<\/li>\n<li>Paluch Ryszard &#8211; religia<\/li>\n<li>Plachta Beata &#8211; matematyka<\/li>\n<li>Przyszlak Emila &#8211; n-l wspomagaj\u0105cy<\/li>\n<li>Rabcewicz Mariola &#8211; edukacja wczesnoszkolna<\/li>\n<li>Sichma Daria &#8211; edukacja wczesnoszkolna<\/li>\n<li>Sitarek Roman &#8211; wych. \u015bwietlicy<\/li>\n<li>Skutnik Andrzej &#8211; w-f<\/li>\n<li>Spratek Joanna &#8211; j. angielski<\/li>\n<li>Stolfig Martyna &#8211; edukacja wczesnoszkolna<\/li>\n<li>Swoboda \u0141ukasz &#8211; w-f<\/li>\n<li>Szpotko Alina &#8211; j. polski<\/li>\n<li>Tomaszewska-Gawlik Agnieszka &#8211; rewalidacja indywidualna<\/li>\n<li>Wojas Kinga &#8211; wych. \u015bwietlicy<\/li>\n<li>Wr\u0119czycka Anna &#8211; przyroda, biologia<\/li>\n<li>Wyrwas Ma\u0142gorzata &#8211; matematyka<\/li>\n<li>Molicki Maciej &#8211; informatyka, technika<\/li>\n<li>Krajka-Maksimowicz Agata &#8211; doradztwo zawodowe<\/li>\n<li>Lisiecka-Czernik Anna &#8211; biologia<\/li>\n<\/ul>\n","protected":false},"excerpt":{"rendered":"<p>Nauczyciele Zi\u0119tal Marek &#8211; dyrektor Garbacik Joanna &#8211; wicedyrektor Adamek-Andrzejewska Oliwia &#8211; j. polski Baron Joanna &#8211; geografia Ciszewska-Przybycin Katarzyna [&hellip;]<\/p>\n","protected":false},"author":3,"featured_media":0,"parent":0,"menu_order":0,"comment_status":"closed","ping_status":"closed","template":"","meta":{"footnotes":""},"class_list":["post-119","page","type-page","status-publish","hentry"],"aioseo_notices":[],"_links":{"self":[{"href":"https:\/\/sp43.zabrze.pl\/index.php?rest_route=\/wp\/v2\/pages\/119","targetHints":{"allow":["GET"]}}],"collection":[{"href":"https:\/\/sp43.zabrze.pl\/index.php?rest_route=\/wp\/v2\/pages"}],"about":[{"href":"https:\/\/sp43.zabrze.pl\/index.php?rest_route=\/wp\/v2\/types\/page"}],"author":[{"embeddable":true,"href":"https:\/\/sp43.zabrze.pl\/index.php?rest_route=\/wp\/v2\/users\/3"}],"replies":[{"embeddable":true,"href":"https:\/\/sp43.zabrze.pl\/index.php?rest_route=%2Fwp%2Fv2%2Fcomments&post=119"}],"version-history":[{"count":12,"href":"https:\/\/sp43.zabrze.pl\/index.php?rest_route=\/wp\/v2\/pages\/119\/revisions"}],"predecessor-version":[{"id":3447,"href":"https:\/\/sp43.zabrze.pl\/index.php?rest_route=\/wp\/v2\/pages\/119\/revisions\/3447"}],"wp:attachment":[{"href":"https:\/\/sp43.zabrze.pl\/index.php?rest_route=%2Fwp%2Fv2%2Fmedia&parent=119"}],"curies":[{"name":"wp","href":"https:\/\/api.w.org\/{rel}","templated":true}]}}

<h2 style="text-align: center;"><em><strong>Nauczyciele</strong></em></h2>
<hr />
<ul>
<li>Ziętal Marek &#8211; dyrektor</li>
<li>Garbacik Joanna &#8211; wicedyrektor</li>
<li>Adamek-Andrzejewska Oliwia &#8211; j. polski</li>
<li>Baron Joanna &#8211; geografia</li>
<li>Ciszewska-Przybycin Katarzyna &#8211; edukacja wczesnoszkolna</li>
<li>Domaszewicz Karolina &#8211; j. polski</li>
<li>Drozdzowska Elżbieta &#8211; chemia, fizyka</li>
<li>Dyrda-Pietroszek Aleksandra &#8211; j. angielski</li>
<li>Gałążewska Dominika &#8211; wych. świetlicy, edb</li>
<li>Glimos Joanna &#8211; historia</li>
<li>Gorawska Judyta &#8211; muzyka, plastyka</li>
<li>Górniak Katarzyna &#8211; logopeda</li>
<li>Kamer-Czempik Ewa &#8211; wych. świetlicy</li>
<li>Łukaszczyk Katarzyna &#8211; j. angielski</li>
<li>Malinowska Julia &#8211; psycholog</li>
<li>Malinowska Katarzyna &#8211; pedagog</li>
<li>Mann Sara &#8211; biblioteka</li>
<li>Mazurek Bożena &#8211; n-l wspomagający</li>
<li>Mendecka Elżbieta &#8211; j. niemiecki</li>
<li>Michalska Aneta &#8211; religia</li>
<li>Ordysińska Mirosława &#8211; edukacja wczesnoszkolna</li>
<li>Pacholczak Małgorzata &#8211; edukacja wczesnoszkolna</li>
<li>Pakura Monika &#8211; logopeda, j. polski</li>
<li>Paluch Ryszard &#8211; religia</li>
<li>Plachta Beata &#8211; matematyka</li>
<li>Przyszlak Emila &#8211; n-l wspomagający</li>
<li>Rabcewicz Mariola &#8211; edukacja wczesnoszkolna</li>
<li>Sichma Daria &#8211; edukacja wczesnoszkolna</li>
<li>Sitarek Roman &#8211; wych. świetlicy</li>
<li>Skutnik Andrzej &#8211; w-f</li>
<li>Spratek Joanna &#8211; j. angielski</li>
<li>Stolfig Martyna &#8211; edukacja wczesnoszkolna</li>
<li>Swoboda Łukasz &#8211; w-f</li>
<li>Szpotko Alina &#8211; j. polski</li>
<li>Tomaszewska-Gawlik Agnieszka &#8211; rewalidacja indywidualna</li>
<li>Wojas Kinga &#8211; wych. świetlicy</li>
<li>Wręczycka Anna &#8211; przyroda, biologia</li>
<li>Wyrwas Małgorzata &#8211; matematyka</li>
<li>Molicki Maciej &#8211; informatyka, technika</li>
<li>Krajka-Maksimowicz Agata &#8211; doradztwo zawodowe</li>
<li>Lisiecka-Czernik Anna &#8211; biologia</li>
</ul>

<p>Nauczyciele Ziętal Marek &#8211; dyrektor Garbacik Joanna &#8211; wicedyrektor Adamek-Andrzejewska Oliwia &#8211; j. polski Baron Joanna &#8211; geografia Ciszewska-Przybycin Katarzyna [&hellip;]</p>
